-k**2 + 5*k - 2. Suppose -3*v - 16 = -v. Let o(f) be the first derivative of -f**2 - 11*f + 4. Let i be o(v). Give a(i).
-2
Let v(h) = 10*h**2. Suppose -2 = 2*a - 4*a. Give v(a).
10
Let i(y) = 6*y - 6*y + 3 - 2*y. Let s(c) = c + 4. Let l be s(0). Give i(l).
-5
Let p(n) = -3*n + 2. Let y be 1*6 - 1/1. Suppose 4*m - 2 = -6, 0 = -4*w - 4*m + 16. Suppose -q = -w*k - 24, y*k - 3*k - q = -12. What is p(k)?
14
Let a(x) = -7*x**3 + 2*x**2 - 1. Let b be (-8)/2*(-2)/(-4). Let c = -1 - b. Let k be c/1 + (-3 - -1). Determine a(k).
8
Let r(x) = x. Let a be r(-2). Let v = a + -1. Let j(l) = -4*l**2 + 4*l**2 - l**2 - 4*l. Give j(v).
3
Let l = -2 - -5. Let v(z) = 3*z**2 - 3. Let j be (1 + 1 + -3)*4. Let c(b) = b**2 - 1. Let d(w) = j*c(w) + v(w). What is d(l)?
-8
Suppose 0 = -3*f - 2*f - 20. Let c be 4/(2/(4 + -2)). Let j(u) = 0*u - u - 6 - c*u + 2*u. Give j(f).
6
Let w(v) = 19 - 2*v**2 + v**2 - 14 + 4*v. What is w(6)?
-7
Let y(d) = d**3 + 6*d**2 + 4*d - 1. Let m be y(-5). Let v(g) = 4*g**2 - g - 3. Let u(w) = -w**2 + w. Let k(q) = 5*u(q) + v(q). Calculate k(m).
-3
Let q(b) = b**3 + 8*b**2 - 11*b - 12. Let r(o) = o**3 + 6*o**2 + 8*o + 6. Let h be r(-5). Let p be q(h). Let a(t) = t**3 - 6*t**2 - t + 3. What is a(p)?
-3
Suppose 5*r + 4 = 9. Let b(s) = -s**2 + 3*s. Let i be b(2). Let c(u) = r - 2*u**i - 4*u + 3*u**2 + 1 + 1. Calculate c(3).
0
Let b = 3 + 1. Suppose -2*h + 2 = -b*d, 0 = -d + 5*d + 3*h + 17. Let x be d + (0 - -4) + 2. Let c(u) = 3*u - 6. What is c(x)?
6
Let i(q) = -q**2 - q + 1. Let x(r) = -3*r**2 - 3*r + 4. Let b(n) = n + 1. Let c(o) = 6*b(o) - 2*x(o). Let z(l) = c(l) + 5*i(l). Calculate z(-5).
-7
Let c = -15 + 10. Let a(l) = -7*l - 9. Let x be (-6)/15 - 36/10. Let u(b) = -6*b - 8. Let g(q) = x*u(q) + 3*a(q). Determine g(c).
-10
Suppose m + 3*n - 20 = 0, -5*m - 3*n + 31 + 21 = 0. Let i(d) = -d**3 + 8*d**2 + d + 9. Calculate i(m).
17
Suppose g = 3*t + 11, 4*t - 12 + 0 = -4*g. Let m(l) = -l - 3. Give m(t).
-1
Let s(o) = o**2 + 8*o. Let d be s(-9). Let x(i) = -i**3 + 8*i**2 + 7*i + 9. Determine x(d).
-9
Let u(a) = -3 - 36*a - a**2 - 31*a + 69*a. Let l(k) = k**2 + 2*k + 3. Let z be l(-2). Let w(s) = -s**3 + 2*s**2 + 3*s + 2. Let x be w(z). Determine u(x).
-3
Let r = -5 + 6. Let i(o) = -7*o**3 + 2*o - 1. Give i(r).
-6
Let w be (-9)/(-6)*8/6. Let u(h) = h - w*h - h. Let d(z) = -2*z + 4. Let f be d(3). Give u(f).
4
Let y be 2/(-4)*0/5. Let z(x) = -x - 10. Give z(y).
-10
Let k(n) = 0*n + 2*n - 4 + 6. Let j(p) = p**3 - 4*p**2 + 5*p - 11. Let q be j(3). What is k(q)?
-8
Suppose y = 2*t - 15, 4*t + 0*t = 4*y + 40. Let o(p) = p - 10. Determine o(t).
-5
Let a(i) be the second derivative of -1/6*i**3 - 3/2*i**2 + 2*i + 0. Calculate a(-4).
1
Let r(l) = 3*l**3 - 8*l**2 - l - 2. Let w(z) = 16*z**3 - 41*z**2 - 6*z - 11. Let t(m) = -11*r(m) + 2*w(m). Determine t(6).
-6
Let y(t) = t - 6. Let i(m) = 2*m - 7. Let b(v) = -5*i(v) + 6*y(v). Let j = -8 - -11. Suppose 0 = -2*d - 4*l + 16, 0 = j*d + 5*l - 5 - 16. Give b(d).
-9
Let h = -5 - -8. Suppose -h*d = 14 - 2. Let k(l) = -l**3 - 5*l**2 - 2*l + 4. Determine k(d).
-4
Let d(o) = o**3 + 4*o**2 + 3*o + 6. Let m = 6 + -11. Let y be (4/m)/((-3)/(-15)). What is d(y)?
-6
Let s(j) = -2*j**3 + 2*j**2 - 1. Let i be (-1 - 0)/(3/21). Let c = -6 - i. What is s(c)?
-1
Let s(v) = -3*v**3 - 4*v**2 - 4*v + 7. Let t(c) = c**3 + c - 1. Let p(i) = s(i) + 4*t(i). Let x be p(4). Let n(w) = w**2 + 2 - 2*w**2 + 0*w**2. Determine n(x).
-7
Let t(o) be the first derivative of -3/2*o**2 - 2 - 1/2*o**3 + 0*o + 1/12*o**4. Let r(u) be the second derivative of t(u). Determine r(-4).
-11
Suppose 4*f - 12 = -4*q, -4*f + 7 = -3*f - q. Let w(t) = 280*t**3 + 4*t**2 + 1 + 283*t**3 + 6 - 564*t**3 + 5*t. Calculate w(f).
7
Suppose 0*q - 8 = -4*q. Let u(p) = p + 0 - 5 - 5 - p**q. Let t be 0/(1/2*-2). Determine u(t).
-10
Let y be 25/3 + (-2)/(-3). Let h(s) = -s**2 + 8*s + 11. Let d be h(y). Let z(w) = w**2 + 2*w**3 - w + d*w**2 - 2*w**2. Determine z(-2).
-10
Let v be ((-20)/12)/((-3)/9). Let t(f) = f**3 - 7*f**2 + 6*f + 6. Determine t(v).
-14
Let o(q) = q**2 - 7*q + 12. Let b be o(6). Let a(x) = x**2 - 9*x - 7. What is a(b)?
-25
Let s(c) = c**3 - 5*c**2 - 2. Let y be 3 + -6 + -1 - (-3 + -6). Calculate s(y).
-2
Let s be (-3)/9 - (-22)/(-6). Let j(y) be the first derivative of y**3/3 + 3*y**2/2 + 3*y + 3. Determine j(s).
7
Suppose -t = -2*t. Suppose x + 2*x = t. Let g(m) = 0*m - 3*m + 9 + x*m + 2*m. What is g(4)?
5
Suppose -2*s - 3*s = -5. Let b(x) = -8*x. Give b(s).
-8
Let i = -4 - -8. Let l(q) = -16*q - q**3 + 4 + 4*q**2 + 7*q + 8*q. Determine l(i).
0
Let r(x) = -3*x**2 + 2*x + 2. Suppose -33 = -5*h + 17. Suppose h = 8*o - 3*o. Determine r(o).
-6
Let t(n) = -n**3 + 3*n - 3. Let w be t(2). Let y(q) = -3*q + 1. Give y(w).
16
Suppose 0 = 8*c - 9 + 1. Let v(i) = i**3 - 1. What is v(c)?
0
Let t(h) = -h**2 - 8*h + 22. Let b be t(-10). Let u(l) = l + 2. What is u(b)?
4
Let l(c) be the first derivative of -8*c**3/3 + c**2/2 - 64. What is l(1)?
-7
Let x be 1/4 - (-21)/12. Let b(r) = 0*r - 3*r + 2*r - 2*r**3 - 4*r**x + 2. Calculate b(-2).
4
Let h = -2 - 3. Let j(v) be the first derivative of v**7/840 + v**6/90 - v**5/30 + v**3 - 2. Let d(a) be the third derivative of j(a). Calculate d(h).
-5
Let t(p) be the second derivative of 13*p**5/20 + p**4/6 - p**3/6 - 5*p. Determine t(1).
14
Let w(x) = -x + 2. Let n be 9/(-27) + (-59)/3. Let s be (-10)/(-4)*(-24)/n. Give w(s).
-1
Let h be (4/(-3))/(1/3). Let i(m) be the first derivative of 2*m**3/3 + 3*m**2 + 2*m - 9. What is i(h)?
10
Let d(c) = -2*c. Let v(r) = -3. Let t(m) = -3*d(m) - v(m). What is t(-2)?
-9
Suppose 0 = 2*z + s + 7, 2*z - 6*s = -s - 13. Let l(g) = -4*g**2 - 3*g**3 + 4 - 4*g**3 + 6*g**3. What is l(z)?
4
Let p = -57 + 56. Let m(h) = 8*h + 1. What is m(p)?
-7
Let f(i) = 2*i + 5. Let a(l) = 5*l + 11. Let h(j) = 6*a(j) - 14*f(j). Give h(3).
2
Let o(b) = 7*b + 21. Let j(a) = -15*a - 43. Let w(f) = -6*j(f) - 13*o(f). Give w(0).
-15
Let l(s) = -s**2 - 6*s + 6. Let z(j) = -2*j**3 + 4*j**2 - 4*j + 2. Let m be z(2). Give l(m).
6
Let t(k) = -k**2 + 6*k - 2. Suppose 2*d = -3*d. Suppose o + d*o = 4. Calculate t(o).
6
Let t(b) = b**3 + 3*b**2 - 2*b. Let j be t(-3). Let r be j/(-10)*(1 - 6). Suppose 3*c - r*p = -4*p + 11, -5*c + 13 = 3*p. Let x(u) = -u**2 + 5*u - 4. Give x(c).
-4
Let c(j) = -j**3 - j**2 + 4*j - 1. Let o = 5 - 8. Let g be c(o). Let s(b) be the third derivative of -b**4/24 - b**3/6 + b**2. Calculate s(g).
-6
Let d(n) be the first derivative of 0*n**2 + 1/4*n**4 - 4/3*n**3 + 2 - 2*n. What is d(4)?
-2
Suppose 0 = 3*h + 2*h. Let b(p) be the first derivative of 4*p - 1/2*p**2 + 1 + 1/3*p**3. Determine b(h).
4
Let k(h) = -3*h + 5. Suppose -3*g + 8 = -22. Let z = g - 5. Suppose m = -1 + z. Give k(m).
-7
Let g(o) = o**3 - 2*o**2 - o + 4. Let i = 25 - 22. Determine g(i).
10
Let x(t) = 2*t**2 + t. Suppose -p - 2 = -3*p. Calculate x(p).
3
Let n(h) = h. Let d = -34 - -53. Suppose 5*x - d = 1. Give n(x).
4
Let z(b) = 3*b**2 - 5*b + 7. Let a(t) be the third derivative of 0*t**4 + 0 + 1/60*t**5 + 2*t**2 + 0*t + 1/6*t**3. Let x(d) = -4*a(d) + z(d). Give x(-6).
-3
Let d(v) be the first derivative of v**3/3 + 3*v**2 + 5*v - 14. Determine d(-4).
-3
Let o(v) = 3*v + 10. Suppose -3*s = 8 + 13. What is o(s)?
-11
Let j = -5 + 2. Let a(n) = n. Let l(x) = 5*x**2 + x - 2. Let v(h) = -6*h**2 - h + 3. Let d(p) = 5*l(p) + 4*v(p). Let w(y) = -a(y) - d(y). Determine w(j).
-5
Let c(z) = -z + 3. Let g be c(0). Let h(j) = 2*j - 3*j - 2*j**g + 2 + j**3. Determine h(0).
2
Let f(k) = -2*k**2 + 5*k + 6. Let z(b) = 3*b**2 - 4*b - 7. Let s(t) = 4*f(t) + 3*z(t). What is s(-4)?
-13
Let s(q) be the third derivative of 0*q - 1/24*q**4 + 1/120*q**6 + 0 - 2*q**3 - 1/60*q**5 + 7*q**2. Determine s(0).
-12
Let s(a) = a**2 - 12*a + 2. Let q(i) = -3*i**2 + 34*i - 7. Let j(f) = 3*q(f) + 8*s(f). What is j(4)?
3
Let a = -18 - -19. Let n(b) = -15*b**3 - b + 1. What is n(a)?
-15
Suppose -12 = -2*q - 2*q. Let b(x) = -1 + 16*x - 15*x - x**2 + 0*x**2 + q*x**3. Let a be -2 - 1/(2/(-6)). Determine b(a).
2
Let t(g) = -g**2 + 6*g - 5. Suppose 5*b + 2*b = 14. Suppose 4 = 3*x + m - 3, -18 = -2*x + 2*m. Suppose -12 = -x*s - k, -b*s - k + 4 = -0*k. Determine t(s).
3
Let n(p) = 33*p - 6*p - 16*p - 9*p. What is n(-4)?
-8
Let m(u) be the second derivative of -u**5/10 - u**4/3 +